factor of 252 and k.
12
Let r = 349 - 339. Let f be ((-28)/6)/(6/(-9)). Calculate the highest common factor of f and r.
1
Suppose a + 3*d + 4 = 0, -4*d = -3*a + 10 + 30. Let g be a/(-18) + (-490)/(-9). What is the greatest common factor of 6 and g?
6
Suppose -5*c = 29 + 16. Let j be 3/c*0 + 81. Suppose 4*o = 7*o - j. Calculate the greatest common divisor of o and 3.
3
Let q = 511 - 583. Let b be ((-6)/(-4))/(q/(-1056)). What is the greatest common factor of 209 and b?
11
Let o be -9 - -43 - (-1)/1. Suppose 267*n + 210 = 273*n. Calculate the highest common divisor of o and n.
35
Let p be (105/14)/(33/462). What is the highest common divisor of p and 1335?
15
Let o = 92 - 54. Suppose -5638*h - 25536 = -5830*h. Calculate the highest common divisor of h and o.
19
Suppose 0*a + 6340 = s - 5*a, 2*s = 5*a + 12705. What is the greatest common divisor of 57 and s?
19
Suppose f + 5*v - 184 = -96, 0 = -6*f + 4*v + 868. Let h = 2 + 4. Calculate the highest common factor of h and f.
6
Let o(i) = -5*i + 14. Let y be o(3). Let n be (1 + 21/(-14))*(y + -1). Calculate the highest common factor of n and 4.
1
Let a be 4 + (-11)/((-165)/21546) + (-4)/10. What is the greatest common divisor of a and 90?
90
Suppose -209 = 6*l - 929. Calculate the highest common divisor of l and 1480.
40
Let b(r) = -5*r**3 - 15*r**2 + 58*r - 23. Let s be b(-9). What is the greatest common divisor of s and 52?
13
Let v be 281/3*4 - (320/(-60) + 5). What is the greatest common divisor of 39 and v?
3
Suppose 50 = 2*i - 6. Let s be (i/21)/(4/6). Suppose -5*u + 3*j + 906 - 121 = 0, 0 = -s*u - 4*j + 340. Calculate the greatest common divisor of u and 20.
20
Let r be 4*(33/55)/((-4)/(-10)). Let q be 4/r + (-7)/(84/(-2752)). Calculate the highest common factor of q and 46.
46
Let h = -2169 - -2228. What is the greatest common divisor of h and 16?
1
Let m(l) = -299*l + 93. Let p be m(-8). Calculate the highest common factor of 70 and p.
35
Let p = -2977 + 3267. What is the highest common divisor of p and 25?
5
Let h be 57/2*(-12)/(-18). Suppose 0 = 3*x + 2*x - 3*t - 959, 0 = -3*x - 2*t + 564. Suppose 68*u + x = 73*u. What is the greatest common factor of h and u?
19
Let s = 3956 + -3953. Let j = 7 - 6. Let x(b) = 32*b**3 + 2*b - 1. Let i be x(j). What is the greatest common factor of s and i?
3
Suppose 656 + 6 = 27*g + 14. Calculate the greatest common divisor of 1716 and g.
12
Suppose 55*p = 60*p - 490. Calculate the highest common factor of p and 4116.
98
Suppose -53*y - 1 = -81 - 79. Suppose 0 = 4*g - 2*v - 38 - 108, -5*g + 215 = 4*v. Calculate the highest common divisor of g and y.
3
Let t(c) = c**2 - 7*c + 6. Let q be t(5). Let y be 2/q - (-98)/(-28). Let a be (2/(-3))/(y/66). Calculate the highest common factor of 33 and a.
11
Suppose -6*z = y - 9*z - 1, -5*y = 3*z - 23. Let a = -19 + 7. Let w = a + 22. What is the greatest common factor of w and y?
2
Suppose 16*n = 19*n - 4*h - 554, 0 = 4*n - h - 756. What is the highest common divisor of n and 60?
10
Suppose 7 = 4*h - 13, -i - 1 = -2*h. Suppose -8*k = -31 - i. Suppose 3*z + n = 34, -11*z + 6*z = -2*n - 42. Calculate the highest common factor of z and k.
5
Suppose 36 = 3*k + 27. Suppose -2*w - 354 = -5*j, 3*j = j + k*w + 146. Calculate the highest common factor of 28 and j.
14
Let l(w) = w - 14. Let c be l(16). Let x be (-2 + 5)/(c/8). Suppose 322 - 286 = 3*g. What is the highest common divisor of g and x?
12
Suppose -4*n + 280 = n - 2*r, 3*n - 4*r = 154. Suppose 57 = 5*y - n. Suppose -2*w = 2*i - 58, -i + w = -12 - y. What is the greatest common factor of 80 and i?
16
Let u = -1125 - -1225. What is the greatest common factor of 2025 and u?
25
Let p be 0 - (-6)/(-4) - 20/(1240/(-2263)). Let y be ((-45)/(-2) + 2)*2. What is the greatest common factor of y and p?
7
Suppose 3*a - 2788 + 484 = 0. Calculate the greatest common factor of a and 24.
24
Suppose 0 = 3*t - t - 2*c + 20, 4*c = 3*t + 34. Let a be (t/6)/((-1)/9). Suppose a*k - 612 = 1008. Calculate the greatest common factor of 20 and k.
20
Suppose -9*f = 5*i - 4*f - 75, 7*f - 73 = -5*i. What is the greatest common factor of i and 4848?
16
Suppose -1188 - 1020 = -16*j. Suppose -3*m - 6*z = -8*z - 105, 2*z = 4*m - j. Suppose -2*h = 2*h - 88. Calculate the greatest common divisor of m and h.
11
Suppose 11*w - 8818 = -8664. Suppose 68 = p + a - 58, -622 = -5*p + 3*a. Suppose 3*b = 85 + p. What is the highest common divisor of w and b?
14
Suppose 4*o - 4*g + 268 = 0, -4*o + 0*g - 238 = 2*g. Suppose -z = -49 - 38. Let q = z + o. Calculate the highest common factor of 175 and q.
25
Suppose -o + 554 = 2*y, 53*o - 534 = 52*o + 2*y. What is the highest common factor of 612 and o?
68
Let k = -3 + 11. Let c(q) = -2*q + 1 - 966*q**3 + 965*q**3 - q**2 + 2*q**2. Let a be c(0). Calculate the highest common factor of k and a.
1
Let c(l) = -l - 3. Let j be c(-6). Let f(p) = 4*p. Let x be f(j). Let z = 37109 - 37097. What is the highest common factor of z and x?
12
Suppose 4*o + 4*p = 20, o = -3*o - 5*p + 20. Suppose 0 = -s + o*t + 145, -4*s + 3*t = 6*t - 465. What is the highest common factor of s and 30?
30
Suppose 1798 = 2*t - 334. Let k be 2/(-12) - 1/(-12)*(207 - -107). What is the greatest common divisor of k and t?
26
Let r be (-15)/(-6) - (-30)/12 - -7. Calculate the greatest common divisor of 1668 and r.
12
Suppose -30 - 6 = -3*p. Let f = 321 - 317. Suppose 0 = 5*u - f*b - 81 - 61, -5*b - 140 = -5*u. Calculate the highest common factor of p and u.
6
Let b be (1368 - -23) + 2*20/(-8). What is the highest common factor of b and 630?
126
Let j(u) = 2*u. Let b be j(2). Suppose 3163 - 693 = -10*p. Let z = 267 + p. What is the highest common factor of b and z?
4
Let f be 0 - (17 + -7 + -106). Calculate the highest common factor of f and 96.
96
Suppose -2*r + 0*r - 4*z + 76 = 0, -4*r = 2*z - 176. Let a be (r/(-69))/((-4)/3)*50. Calculate the greatest common factor of a and 45.
5
Let i be (-8)/56 - 117610/(-70). Calculate the highest common factor of i and 1155.
105
Suppose 5*q + 28 = 12*q. Suppose 369 = q*h + o, -o = h - 3*h + 183. Calculate the highest common divisor of 138 and h.
46
Let d be 20 + 71 + (-50)/(-15)*-3. What is the highest common factor of 216 and d?
27
Let z(f) = -15*f**2 + 393*f - 62. Let h be z(26). Calculate the greatest common factor of 7376 and h.
16
Let l be 5/(-40) + (-71427)/(-24). What is the highest common divisor of 279 and l?
93
Let f be -2*5/(-10) + -1. Suppose -4*k = -f*k - 168. Calculate the greatest common factor of k and 105.
21
Suppose c = 8 + 68. Suppose 76*l + 230*l - 52326 = 0. What is the greatest common divisor of l and c?
19
Suppose -6*k - 243 + 177 = 0. Let i be (-8944)/(-473) + (-1)/k. What is the highest common divisor of 95 and i?
19
Let b = -270 + 265. Let y(n) = -2*n**2 - 5*n + 37. Let w be y(b). Calculate the greatest common factor of w and 1788.
12
Suppose 3*y = h + 3921 + 491, -2*h = 3*y - 4406. Suppose -5*o + y = o. Calculate the highest common divisor of 7 and o.
7
Let c(o) = o - 3. Let k be c(5). Let n be 1/(1/2) + k. Suppose 0 = 3*h + 3*j, 3*h - 5*j - 48 = -16. Calculate the highest common factor of h and n.
4
Let i(j) = -j**3 - 10*j**2 + 24*j + 22. Let g be i(-12). Let u = -56 - -60. Calculate the highest common factor of g and u.
2
Let o be -26*7/4*-2. Suppose 0 = 6*k - 161 - o. Suppose q + 6 = 4*v + 46, 19 = q + 3*v. Calculate the greatest common divisor of k and q.
14
Suppose 8*y + n - 12 = 6*y, 3*n - 16 = -2*y. Suppose 1060 = -i + y*i. Calculate the highest common divisor of 53 and i.
53
Suppose -3*f = 2*m + 122 - 415, -8 = 4*m. What is the highest common factor of f and 63?
9
Suppose -2*i + 10 = -4*k - 52, -3*k = 4*i - 179. Suppose -3*g + i*g - 152 = 0. What is the highest common divisor of g and 148?
4
Suppose -3*c = -5*r + 4740, 0 = 4*r + c - 3905 + 130. Suppose 127*m - r = 120*m. What is the greatest common divisor of m and 81?
27
Let z = -8 - -22. Let b = z + -9. Suppose 3*l - 55 = 5*v, -6*v = -3*l - 3*v + 45. What is the highest common factor of l and b?
5
Let c = 20030 + -20009. Suppose 457 = 5*g - 138. What is the highest common divisor of g and c?
7
Suppose g + 3*u = -20 + 124, -3*g + 3*u = -312. What is the greatest common factor of 1352 and g?
104
Suppose -68*c + 17*c + 20723 = -34*c. What is the highest common factor of c 